nvert 12314545 (base 7) to base 12.
458341
What is 5446980 (base 10) in base 2?
10100110001110101000100
1462141 (base 7) to base 9
334364
What is -2530032 (base 6) in base 8?
-411644
What is 183721 (base 9) in base 14?
2d930
3422860 (base 10) to base 16
343a8c
What is 564147 (base 13) in base 6?
111353503
23514355 (base 6) to base 7
6204263
1212121211210 (base 3) to base 8
3632115
94a658 (base 12) to base 4
20323130210
What is 112000100211 (base 3) in base 6?
5524551
Convert 2025030 (base 6) to base 8.
275352
7904555 (base 10) to base 4
132021310223
What is -a5ee9 (base 16) in base 11?
-424700
Convert -3690886 (base 10) to base 3.
-20221111221111
What is -1100012010222 (base 3) in base 12?
-2a4298
What is -2615335 (base 7) in base 11?
-212851
What is -1464432 (base 8) in base 14?
-ad16a
What is 10100000101111101000010 (base 2) in base 7?
62525314
What is -188372 (base 9) in base 14?
-30c57
Convert -c7585 (base 14) to base 8.
-1654021
-10011110101100001000 (base 2) to base 11
-404392
Convert 4191715 (base 10) to base 13.
b39c08
What is 23012323131 (base 4) in base 14?
55b2d7
Convert 31113202 (base 5) to base 4.
332003201
What is -1414122121 (base 5) in base 15?
-4c4aab
Convert 51718 (base 13) to base 8.
435436
Convert -125564 (base 8) to base 7.
-241652
20dbb (base 14) to base 6
1412133
Convert 297918 (base 14) to base 16.
160252
What is 21344 (base 6) in base 16?
b80
-809932 (base 13) to base 16
-2da63f
What is -66344516 (base 7) in base 2?
-10101110001110000000111
Convert 240321324 (base 5) to base 10.
1104589
Convert 11560531 (base 7) to base 4.
3331320130
-2a311 (base 12) to base 10
-59197
Convert -1230104310 (base 5) to base 6.
-143413211
Convert 100000000001011001001 (base 2) to base 11.
65738a
534554 (base 9) to base 14
83dd8
3455040 (base 8) to base 15
138a51
What is -11332313033 (base 4) in base 15?
-20e9c2
76347 (base 8) to base 12
16607
-1122012111202 (base 3) to base 15
-122be8
What is -131422142 (base 5) in base 10?
-654672
What is 3541523 (base 7) in base 14?
b8d83
71292 (base 10) to base 14
1bda4
131231031323 (base 4) to base 14
1069d7d
Convert -192785 (base 15) to base 2.
-100101010101100011010
What is -14430a7 (base 12) in base 7?
-46406425
What is 4460537 (base 8) in base 7?
13144611
Convert -1325920 (base 11) to base 12.
-926302
-512004 (base 15) to base 13
-a4c431
111010101 (base 2) to base 9
571
What is -5661ba (base 12) in base 10?
-1379230
-5a956 (base 11) to base 4
-111121301
What is 101110111100111111 (base 2) in base 3?
100202210221
-1227715 (base 10) to base 11
-769445
What is -3353051 (base 7) in base 5?
-101311223
What is -566782 (base 10) in base 6?
-20051554
What is 51354 (base 9) in base 8?
102042
What is -4bcc36 (base 14) in base 5?
-1131443300
-3010132033 (base 5) to base 8
-26526760
What is 3656b1 (base 12) in base 11?
55162a
Convert 102113221001 (base 4) to base 9.
10048462
What is 132334310 (base 5) in base 14?
135680
-6147625 (base 10) to base 15
-8167ba
Convert 8d3268 (base 14) to base 13.
cc58a1
What is 1102411 (base 9) in base 14?
115bbc
622462 (base 8) to base 6
4230150
Convert 20005041 (base 6) to base 7.
4524334
2667352 (base 8) to base 15
ec02a
Convert -110100111110100001 (base 2) to base 10.
-216993
2212012210110 (base 3) to base 7
15626643
What is 14757052 (base 8) in base 3?
20101200211200
10213757 (base 10) to base 16
9bd97d
-220312 (base 6) to base 2
-100011101010100
What is 124600602 (base 7) in base 4?
132131020011
Convert 13232012 (base 4) to base 7.
161123
-1974a9 (base 12) to base 11
-286867
What is 205426 (base 10) in base 6?
4223014
What is -21022121002 (base 3) in base 8?
-431257
-bfa50 (base 16) to base 2
-10111111101001010000
Convert -10100111000010111 (base 2) to base 7.
-504231
Convert 12202101102 (base 3) to base 15.
2386b
-5745643 (base 8) to base 13
-427a75
100010111011100 (base 2) to base 11
12489
Convert 12211212201 (base 3) to base 16.
1c195
-10100011110101000000111 (base 2) to base 8
-24365007
What is -b8b9 (base 12) in base 4?
-10331031
Convert -1015d (base 16) to base 14.
-1a021
Convert 4939c (base 14) to base 7.
1344055
Convert d6d158 (base 14) to base 8.
33540052
Convert -1102213331 (base 4) to base 7.
-2606450
What is 42321752 (base 8) in base 14?
12ab45c
210021002 (base 3) to base 7
63122
15405612 (base 7) to base 9
2706533
Convert 1001111110111000100101 (base 2) to base 3.
11220221200002
20413 (base 7) to base 6
35104
Convert -10100001111100110 (base 2) to base 6.
-1435514
What is -47044103 (base 8) in base 3?
-201021100112121
-94487 (base 16) to base 4
-2110102013
20112221201 (base 4) to base 7
24420416
-3241170 (base 10) to base 11
-1914159
-1110441 (base 6) to base 4
-31221121
What is -551558 (base 9) in base 11?
-2053a7
Convert 92c602 (base 15) to base 4.
122213133011
What is 3650125 (base 7) in base 2?
1110001101111000110
1a2478 (base 16) to base 12
6a7588
What is 1a7c08 (base 16) in base 9?
3234822
1330201322 (base 4) to base 5
112310244
12705326 (base 8) to base 16
2b8ad6
What is -14043011 (base 5) in base 10?
-143506
What is 43330412 (base 6) in base 12?
520a08
-3c1 (base 16) to base 8
-1701
Convert -638759 (base 10) to base 5.
-130420014
Convert 13230332311 (base 4) to base 9.
3716804
Convert 1b75121 (base 12) to base 4.
112122311221
What is -111121121 (base 4) in base 3?
-11110012222
Convert 39aa6a6 (base 11) to base 14.
cc381a
-10100000110000011101110 (base 2) to base 13
-11258a3
-110010010100111111011 (base 2) to base 7
-20006003
32050450 (base 8) to base 16
685128
Convert 1598005 (base 12) to base 15.
5c7b82
What is -30011222 (base 5) in base 11?
-150777
What is 133455 (base 7) in base 12?
12763
What is 3e2e55 (base 16) in base 2?
1111100010111001010101
What is -203331201322 (base 4) in base 10?
-9427066
What is 747635 (base 8) in base 10?
249757
What is b79b7 (base 12) in base 13?
85c99
What is -47081 (base 10) in base 15?
-de3b
20232010 (base 7) to base 5
413013341
What is -44222044 (base 5) in base 10?
-382774
-53140640 (base 7) to base 14
-850dc7
Convert -11300413 (base 5) to base 13.
-37cb0
Convert -30cbd (base 15) to base 11.
-a62a5
What is 47a1e (base 16) in base 5?
33342111
What is 316647 (base 8) in base 16?
19da7
-11654852 (base 9) to base 16
-570da0
207352 (base 8) to base 13
2574c
-495a8 (base 14) to base 10
-179488
1500232 (base 6) to base 3
11100110102
Convert 1735416 (base 10) to base 12.
6b8360
Convert -8ac5 (base 13) to base 11.
-13661
Convert -131d628 (base 14) to base 15.
-c2153d
What is -320bca (base 13) in base 4?
-10132120202
Convert 9ca8a (base 14) to base 3.
201100022000
Convert -7063193 (base 10) to base 14.
-d1c09b
Convert 278593 (base 11) to base 12.
190348
Convert -110605 (base 10) to base 4.
-123000031
Convert -1101001111001000101 (base 2) to base 9.
-730865
Convert -44751133 (base 8) to base 15.
-cb562d
1000011001011001 (base 2) to base 12
17aa1
110413444 (base 5) to base 3
220111200201
Convert b3ea8 (base 16) to base 8.
2637250
1072207 (base 8) to base 4
1013102013
Convert 15d59aa (base 15) to base 2.
111100100001001101101101
65124 (base 9) to base 7
236461
-215205 (base 7) to base 15
-b323
12101000221011 (base 3) to base 4
22320330322
What is -12013101 (base 4) in base 12?
-125a9
Convert 73563 (base 13) to base 4.
302221110
Convert -162120 (base 14) to base 7.
-6402440
What is 5857c (base 15) in base 3?
112021222000
What is -632434 (base 7) in base 2?
-11010100110011000
Convert 6b4890 (base 13) to base 15.
35630b
What is -21200022320 (base 4) in base 16?
-2602b8
What is 1003442 (base 9) in base 2?
10000010010111100110
Convert -2072a1 (base 11) to base 7.
-2551160
Convert -ffd (base 16) to base 8.
-7775
Convert 540101 (base 7) to base 16.
16df9
What is -1314551 (base 9) in base 15?
-e2d61
Convert 11210012011221 (base 3) to base 7.
30420442
What is -12033020123 (base 4) in base 15?
-2245e8
Convert -407aa14 (base 12) to base 9.
-24703727
What is 882150 (base 16) in base 11?
5043886
-24044022 (base 5) to base 3
-102021012102
What is -15287055 (base 9) in base 8?
-35032651
Convert 111110111000111101 (base 2) to base 5.
31220342
849986 (base 13) to base 9
5753552
Convert 21201021001020 (base 3) to base 9.
7637036
Convert -47737 (base 11) to base 15.
-15598
Convert 3004232340 (base 5) to base 3.
102011021220102
111544412 (base 